{"id":65,"date":"2023-10-18T13:35:50","date_gmt":"2023-10-18T11:35:50","guid":{"rendered":"https:\/\/festivalphotomaiche.fr\/?page_id=65"},"modified":"2023-11-19T16:38:00","modified_gmt":"2023-11-19T15:38:00","slug":"edition-2023","status":"publish","type":"page","link":"https:\/\/festivalphotomaiche.fr\/?page_id=65","title":{"rendered":"EDITION 2023"},"content":{"rendered":"<p>[et_pb_section fb_built=\u00a0\u00bb1&Prime; prev_background_color=\u00a0\u00bb#ffffff\u00a0\u00bb next_background_color=\u00a0\u00bb#ffffff\u00a0\u00bb admin_label=\u00a0\u00bbsection\u00a0\u00bb _builder_version=\u00a0\u00bb4.22.2&Prime; background_color=\u00a0\u00bb#6b6b6b\u00a0\u00bb min_height=\u00a0\u00bb100px\u00a0\u00bb height=\u00a0\u00bb100px\u00a0\u00bb custom_margin=\u00a0\u00bb25px||||false|false\u00a0\u00bb top_divider_style=\u00a0\u00bbslant2&Prime; top_divider_height=\u00a0\u00bb41px\u00a0\u00bb bottom_divider_style=\u00a0\u00bbmountains2&Prime; bottom_divider_height=\u00a0\u00bb56px\u00a0\u00bb global_colors_info=\u00a0\u00bb{}\u00a0\u00bb][et_pb_row _builder_version=\u00a0\u00bb4.22.2&Prime; _module_preset=\u00a0\u00bbdefault\u00a0\u00bb global_colors_info=\u00a0\u00bb{}\u00a0\u00bb][et_pb_column type=\u00a0\u00bb4_4&Prime; _builder_version=\u00a0\u00bb4.22.2&Prime; _module_preset=\u00a0\u00bbdefault\u00a0\u00bb global_colors_info=\u00a0\u00bb{}\u00a0\u00bb][et_pb_text _builder_version=\u00a0\u00bb4.22.2&Prime; _module_preset=\u00a0\u00bbdefault\u00a0\u00bb text_font=\u00a0\u00bbAkshar||||||||\u00a0\u00bb text_text_color=\u00a0\u00bb#FFFFFF\u00a0\u00bb text_font_size=\u00a0\u00bb41px\u00a0\u00bb transform_scale_tablet=\u00a0\u00bb\u00a0\u00bb transform_scale_phone=\u00a0\u00bb\u00a0\u00bb transform_scale_last_edited=\u00a0\u00bbon|desktop\u00a0\u00bb transform_translate=\u00a0\u00bb0px|-56px\u00a0\u00bb transform_translate_tablet=\u00a0\u00bb-11px|-51px\u00a0\u00bb transform_translate_phone=\u00a0\u00bb-15px|22px\u00a0\u00bb transform_translate_last_edited=\u00a0\u00bbon|phone\u00a0\u00bb transform_rotate_tablet=\u00a0\u00bb\u00a0\u00bb transform_rotate_phone=\u00a0\u00bb\u00a0\u00bb transform_rotate_last_edited=\u00a0\u00bbon|desktop\u00a0\u00bb transform_skew_tablet=\u00a0\u00bb\u00a0\u00bb transform_skew_phone=\u00a0\u00bb\u00a0\u00bb transform_skew_last_edited=\u00a0\u00bbon|desktop\u00a0\u00bb transform_origin_tablet=\u00a0\u00bb\u00a0\u00bb transform_origin_phone=\u00a0\u00bb\u00a0\u00bb transform_origin_last_edited=\u00a0\u00bbon|desktop\u00a0\u00bb transform_styles_last_edited=\u00a0\u00bbon|phone\u00a0\u00bb transform_styles_tablet=\u00a0\u00bb\u00a0\u00bb transform_styles_phone=\u00a0\u00bb\u00a0\u00bb text_text_shadow_style=\u00a0\u00bbpreset1&Prime; global_colors_info=\u00a0\u00bb{}\u00a0\u00bb]<\/p>\n<p>EDITION 2023<\/p>\n<p>[\/et_pb_text][\/et_pb_column][\/et_pb_row][\/et_pb_section][et_pb_section fb_built=\u00a0\u00bb1&Prime; _builder_version=\u00a0\u00bb4.22.2&Prime; _module_preset=\u00a0\u00bbdefault\u00a0\u00bb global_colors_info=\u00a0\u00bb{}\u00a0\u00bb][et_pb_row _builder_version=\u00a0\u00bb4.22.2&Prime; _module_preset=\u00a0\u00bbdefault\u00a0\u00bb global_colors_info=\u00a0\u00bb{}\u00a0\u00bb][et_pb_column type=\u00a0\u00bb4_4&Prime; _builder_version=\u00a0\u00bb4.22.2&Prime; _module_preset=\u00a0\u00bbdefault\u00a0\u00bb global_colors_info=\u00a0\u00bb{}\u00a0\u00bb][et_pb_text _builder_version=\u00a0\u00bb4.22.2&Prime; _module_preset=\u00a0\u00bbdefault\u00a0\u00bb hover_enabled=\u00a0\u00bb0&Prime; sticky_enabled=\u00a0\u00bb0&Prime; transform_translate=\u00a0\u00bb0px|-51px\u00a0\u00bb transform_styles_last_edited=\u00a0\u00bbon|phone\u00a0\u00bb transform_scale_last_edited=\u00a0\u00bbon|desktop\u00a0\u00bb transform_translate_last_edited=\u00a0\u00bbon|phone\u00a0\u00bb transform_rotate_last_edited=\u00a0\u00bbon|desktop\u00a0\u00bb transform_skew_last_edited=\u00a0\u00bbon|desktop\u00a0\u00bb transform_origin_last_edited=\u00a0\u00bbon|desktop\u00a0\u00bb transform_scale_phone=\u00a0\u00bb86%|86%\u00a0\u00bb transform_translate_tablet=\u00a0\u00bb0px|-51px\u00a0\u00bb transform_translate_phone=\u00a0\u00bb0px|-51px\u00a0\u00bb]<\/p>\n<p class=\"p1\" style=\"text-align: justify;\">L&rsquo;\u00e9dition inaugurale du Festival Photo de Ma\u00eeche 2023 a d\u00e9pass\u00e9 toutes nos attentes avec la participation active de plus<span class=\"Apple-converted-space\">\u00a0 <\/span>4500 personnes. Cette mobilisation exceptionnelle t\u00e9moigne de l&rsquo;engouement suscit\u00e9 par cet \u00e9v\u00e9nement unique, r\u00e9unissant des amateurs de photographie, des familles, des curieux et des passionn\u00e9s de nature.<\/p>\n<p class=\"p1\" style=\"text-align: justify;\">Le festival a accueilli 28 photographes, de nombreuses associations, chacun apportant sa sensibilit\u00e9 artistique et son regard singulier sur la nature. Leurs expositions ont offert une palette vari\u00e9e d&rsquo;\u00e9motions, de la qui\u00e9tude des paysages \u00e0 l&rsquo;effervescence de la faune, invitant les visiteurs \u00e0 red\u00e9couvrir la beaut\u00e9 qui nous entoure.<\/p>\n<p class=\"p1\" style=\"text-align: justify;\">En parall\u00e8le des expositions, le Festival Photo de Ma\u00eeche a \u00e9t\u00e9 le th\u00e9\u00e2tre d&rsquo;un grand march\u00e9 d&rsquo;artisans et de producteurs locaux. Les visiteurs ont ainsi pu d\u00e9ambuler entre les \u00e9tals, d\u00e9couvrir des cr\u00e9ations originales, d\u00e9guster des produits du terroir et \u00e9changer avec des passionn\u00e9s.<\/p>\n<p class=\"p1\" style=\"text-align: justify;\">Les enfants n\u2019ont pas \u00e9t\u00e9 oubli\u00e9s avec une grande chasse au Tr\u00e9sor ludique sur la Nature et de nombreuses animations, comme le stand sur les Tiques du Parc Naturel r\u00e9gional du Doubs Horloger, un stand ludique sur les abeilles tenu par le rucher p\u00e9dagogique des \u00e9rauges\u2026.<\/p>\n<p class=\"p1\" style=\"text-align: justify;\">La premi\u00e8re \u00e9dition du Festival Photo de Ma\u00eeche a \u00e9t\u00e9 belle r\u00e9ussite gr\u00e2ce \u00e0 tous ses acteurs et des visiteurs nombreux et motiv\u00e9s, dans un cadre idyllique du Parc du Chateau du D\u00e9sert \u00e0 Ma\u00eeche, marquant le d\u00e9but d&rsquo;une tradition qui, nous l&rsquo;esp\u00e9rons, perdurera dans les ann\u00e9es \u00e0 venir. Merci \u00e0 tous ceux qui ont contribu\u00e9 au succ\u00e8s de cet \u00e9v\u00e9nement exceptionnel, et rendez-vous l&rsquo;ann\u00e9e prochaine pour une nouvelle \u00e9dition encore plus riche en d\u00e9couvertes et en \u00e9motions.<\/p>\n<p class=\"p1\" style=\"text-align: justify;\">[\/et_pb_text][\/et_pb_column][\/et_pb_row][\/et_pb_section][et_pb_section fb_built=\u00a0\u00bb1&Prime; prev_background_color=\u00a0\u00bb#ffffff\u00a0\u00bb next_background_color=\u00a0\u00bb#ffffff\u00a0\u00bb _builder_version=\u00a0\u00bb4.22.2&Prime; _module_preset=\u00a0\u00bbdefault\u00a0\u00bb background_color=\u00a0\u00bbrgba(102,102,102,0.24)\u00a0\u00bb min_height=\u00a0\u00bb100px\u00a0\u00bb height=\u00a0\u00bb100px\u00a0\u00bb custom_margin=\u00a0\u00bb-131px||||false|false\u00a0\u00bb top_divider_style=\u00a0\u00bbslant2&Prime; top_divider_height=\u00a0\u00bb75px\u00a0\u00bb bottom_divider_style=\u00a0\u00bbmountains2&Prime; bottom_divider_height=\u00a0\u00bb72px\u00a0\u00bb global_colors_info=\u00a0\u00bb{}\u00a0\u00bb][et_pb_row _builder_version=\u00a0\u00bb4.22.2&Prime; _module_preset=\u00a0\u00bbdefault\u00a0\u00bb global_colors_info=\u00a0\u00bb{}\u00a0\u00bb][et_pb_column type=\u00a0\u00bb4_4&Prime; _builder_version=\u00a0\u00bb4.22.2&Prime; _module_preset=\u00a0\u00bbdefault\u00a0\u00bb global_colors_info=\u00a0\u00bb{}\u00a0\u00bb][et_pb_text _builder_version=\u00a0\u00bb4.22.2&Prime; _module_preset=\u00a0\u00bbdefault\u00a0\u00bb text_font=\u00a0\u00bbAkshar||||||||\u00a0\u00bb text_font_size=\u00a0\u00bb37px\u00a0\u00bb text_line_height=\u00a0\u00bb1.3em\u00a0\u00bb hover_enabled=\u00a0\u00bb0&Prime; text_font_size_tablet=\u00a0\u00bb37px\u00a0\u00bb text_font_size_phone=\u00a0\u00bb33px\u00a0\u00bb text_font_size_last_edited=\u00a0\u00bbon|phone\u00a0\u00bb global_colors_info=\u00a0\u00bb{}\u00a0\u00bb transform_translate=\u00a0\u00bb0px|27px\u00a0\u00bb transform_styles_last_edited=\u00a0\u00bbon|phone\u00a0\u00bb transform_scale_last_edited=\u00a0\u00bbon|desktop\u00a0\u00bb transform_translate_last_edited=\u00a0\u00bbon|phone\u00a0\u00bb transform_rotate_last_edited=\u00a0\u00bbon|desktop\u00a0\u00bb transform_skew_last_edited=\u00a0\u00bbon|desktop\u00a0\u00bb transform_origin_last_edited=\u00a0\u00bbon|desktop\u00a0\u00bb sticky_enabled=\u00a0\u00bb0&Prime; transform_translate_phone=\u00a0\u00bb0px|-8px\u00a0\u00bb transform_translate_tablet=\u00a0\u00bb0px|27px\u00a0\u00bb]<\/p>\n<p style=\"text-align: center;\">REVOIR LE TEASER DE l&rsquo;EDITION 2023<\/p>\n<p>[\/et_pb_text][\/et_pb_column][\/et_pb_row][\/et_pb_section][et_pb_section fb_built=\u00a0\u00bb1&Prime; _builder_version=\u00a0\u00bb4.22.2&Prime; _module_preset=\u00a0\u00bbdefault\u00a0\u00bb global_colors_info=\u00a0\u00bb{}\u00a0\u00bb][et_pb_row _builder_version=\u00a0\u00bb4.22.2&Prime; _module_preset=\u00a0\u00bbdefault\u00a0\u00bb global_colors_info=\u00a0\u00bb{}\u00a0\u00bb][et_pb_column type=\u00a0\u00bb4_4&Prime; _builder_version=\u00a0\u00bb4.22.2&Prime; _module_preset=\u00a0\u00bbdefault\u00a0\u00bb global_colors_info=\u00a0\u00bb{}\u00a0\u00bb][et_pb_video src=\u00a0\u00bbhttps:\/\/youtu.be\/5usMa1RmYKM\u00a0\u00bb _builder_version=\u00a0\u00bb4.22.2&Prime; _module_preset=\u00a0\u00bbdefault\u00a0\u00bb global_colors_info=\u00a0\u00bb{}\u00a0\u00bb][\/et_pb_video][\/et_pb_column][\/et_pb_row][\/et_pb_section][et_pb_section fb_built=\u00a0\u00bb1&Prime; prev_background_color=\u00a0\u00bb#ffffff\u00a0\u00bb next_background_color=\u00a0\u00bb#ffffff\u00a0\u00bb _builder_version=\u00a0\u00bb4.22.2&Prime; _module_preset=\u00a0\u00bbdefault\u00a0\u00bb background_color=\u00a0\u00bbrgba(137,137,137,0.26)\u00a0\u00bb min_height=\u00a0\u00bb100px\u00a0\u00bb height=\u00a0\u00bb100px\u00a0\u00bb top_divider_style=\u00a0\u00bbslant2&Prime; top_divider_height=\u00a0\u00bb38px\u00a0\u00bb bottom_divider_style=\u00a0\u00bbmountains2&Prime; bottom_divider_height=\u00a0\u00bb67px\u00a0\u00bb global_colors_info=\u00a0\u00bb{}\u00a0\u00bb][\/et_pb_section][et_pb_section fb_built=\u00a0\u00bb1&Prime; _builder_version=\u00a0\u00bb4.22.2&Prime; _module_preset=\u00a0\u00bbdefault\u00a0\u00bb global_colors_info=\u00a0\u00bb{}\u00a0\u00bb][et_pb_row use_custom_gutter=\u00a0\u00bbon\u00a0\u00bb gutter_width=\u00a0\u00bb1&Prime; _builder_version=\u00a0\u00bb4.22.2&Prime; _module_preset=\u00a0\u00bbdefault\u00a0\u00bb global_colors_info=\u00a0\u00bb{}\u00a0\u00bb][et_pb_column type=\u00a0\u00bb4_4&Prime; _builder_version=\u00a0\u00bb4.22.2&Prime; _module_preset=\u00a0\u00bbdefault\u00a0\u00bb global_colors_info=\u00a0\u00bb{}\u00a0\u00bb][et_pb_text _builder_version=\u00a0\u00bb4.22.2&Prime; _module_preset=\u00a0\u00bbdefault\u00a0\u00bb text_font=\u00a0\u00bbAkshar||||||||\u00a0\u00bb text_font_size=\u00a0\u00bb41px\u00a0\u00bb text_line_height=\u00a0\u00bb1em\u00a0\u00bb transform_scale_tablet=\u00a0\u00bb\u00a0\u00bb transform_scale_phone=\u00a0\u00bb\u00a0\u00bb transform_scale_last_edited=\u00a0\u00bbon|phone\u00a0\u00bb transform_translate=\u00a0\u00bb0px|-60px\u00a0\u00bb transform_translate_tablet=\u00a0\u00bb0px|-60px\u00a0\u00bb transform_translate_phone=\u00a0\u00bb0px|-18px\u00a0\u00bb transform_translate_last_edited=\u00a0\u00bbon|phone\u00a0\u00bb transform_rotate_tablet=\u00a0\u00bb\u00a0\u00bb transform_rotate_phone=\u00a0\u00bb\u00a0\u00bb transform_rotate_last_edited=\u00a0\u00bbon|phone\u00a0\u00bb transform_skew_tablet=\u00a0\u00bb\u00a0\u00bb transform_skew_phone=\u00a0\u00bb\u00a0\u00bb transform_skew_last_edited=\u00a0\u00bbon|phone\u00a0\u00bb transform_origin_tablet=\u00a0\u00bb\u00a0\u00bb transform_origin_phone=\u00a0\u00bb\u00a0\u00bb transform_origin_last_edited=\u00a0\u00bbon|phone\u00a0\u00bb transform_styles_last_edited=\u00a0\u00bbon|phone\u00a0\u00bb text_text_color_tablet=\u00a0\u00bb\u00a0\u00bb text_text_color_phone=\u00a0\u00bb\u00a0\u00bb text_text_color_last_edited=\u00a0\u00bbon|phone\u00a0\u00bb transform_styles_tablet=\u00a0\u00bb\u00a0\u00bb transform_styles_phone=\u00a0\u00bb\u00a0\u00bb global_colors_info=\u00a0\u00bb{}\u00a0\u00bb]<\/p>\n<p style=\"text-align: center;\">RETOUR EN IMAGE SUR L&rsquo;EDITION 2023<\/p>\n<p>[\/et_pb_text][et_pb_gallery gallery_ids=\u00a0\u00bb671,779,669,813,798,781,803,805,825,775,774,773,772,770,769,808,768,778,780,777,767,757,758,759,765,766,761,760,756,755,754,745,746,736,725,720,718,709,702,693,689,688,687,695,696,682,678,673,675,667,661,722,724,817,794,791,788,787,807,762,783,804,827,834,786,785,784,782,710&Prime; posts_number=\u00a0\u00bb24&Prime; show_title_and_caption=\u00a0\u00bboff\u00a0\u00bb show_pagination=\u00a0\u00bboff\u00a0\u00bb hover_icon=\u00a0\u00bb&#x54;||divi||400&Prime; _builder_version=\u00a0\u00bb4.22.2&Prime; _module_preset=\u00a0\u00bbdefault\u00a0\u00bb title_text_color=\u00a0\u00bbRGBA(255,255,255,0)\u00a0\u00bb caption_text_color=\u00a0\u00bbRGBA(255,255,255,0)\u00a0\u00bb pagination_text_color=\u00a0\u00bbRGBA(255,255,255,0)\u00a0\u00bb pagination_font_size=\u00a0\u00bb1px\u00a0\u00bb width=\u00a0\u00bb100%\u00a0\u00bb border_width_all=\u00a0\u00bb2px\u00a0\u00bb border_color_all=\u00a0\u00bb#FFFFFF\u00a0\u00bb global_colors_info=\u00a0\u00bb{}\u00a0\u00bb][\/et_pb_gallery][\/et_pb_column][\/et_pb_row][et_pb_row _builder_version=\u00a0\u00bb4.22.2&Prime; _module_preset=\u00a0\u00bbdefault\u00a0\u00bb][et_pb_column _builder_version=\u00a0\u00bb4.22.2&Prime; _module_preset=\u00a0\u00bbdefault\u00a0\u00bb type=\u00a0\u00bb4_4&Prime;][et_pb_divider _builder_version=\u00a0\u00bb4.22.2&Prime; _module_preset=\u00a0\u00bbdefault\u00a0\u00bb show_divider=\u00a0\u00bboff\u00a0\u00bb hover_enabled=\u00a0\u00bb0&Prime; sticky_enabled=\u00a0\u00bb0&Prime;][\/et_pb_divider][\/et_pb_column][\/et_pb_row][\/et_pb_section]<\/p>\n<span class=\"et_bloom_bottom_trigger\"><\/span>","protected":false},"excerpt":{"rendered":"<p>EDITION 2023L&rsquo;\u00e9dition inaugurale du Festival Photo de Ma\u00eeche 2023 a d\u00e9pass\u00e9 toutes nos attentes avec la participation active de plus\u00a0 4500 personnes. Cette mobilisation exceptionnelle t\u00e9moigne de l&rsquo;engouement suscit\u00e9 par cet \u00e9v\u00e9nement unique, r\u00e9unissant des amateurs de photographie, des familles, des curieux et des passionn\u00e9s de nature. Le festival a accueilli 28 photographes, de nombreuses [&hellip;]<\/p>\n","protected":false},"author":1,"featured_media":0,"parent":0,"menu_order":0,"comment_status":"closed","ping_status":"closed","template":"","meta":{"_et_pb_use_builder":"on","_et_pb_old_content":"<!-- wp:gallery {\"linkTo\":\"none\"} -->\n<figure class=\"wp-block-gallery has-nested-images columns-default is-cropped\"><!-- wp:image {\"id\":69,\"sizeSlug\":\"large\",\"linkDestination\":\"none\"} -->\n<figure class=\"wp-block-image size-large\"><img src=\"https:\/\/festivalphotomaiche.fr\/wp-content\/uploads\/2023\/10\/DSC_5648-1024x683.jpg\" alt=\"\" class=\"wp-image-69\"\/><\/figure>\n<!-- \/wp:image -->\n\n<!-- wp:image {\"id\":72,\"sizeSlug\":\"large\",\"linkDestination\":\"none\",\"className\":\"is-style-default\"} -->\n<figure class=\"wp-block-image size-large is-style-default\"><img src=\"https:\/\/festivalphotomaiche.fr\/wp-content\/uploads\/2023\/10\/DSC_5585-1024x683.jpg\" alt=\"\" class=\"wp-image-72\"\/><\/figure>\n<!-- \/wp:image -->\n\n<!-- wp:image {\"id\":73,\"sizeSlug\":\"large\",\"linkDestination\":\"none\"} -->\n<figure class=\"wp-block-image size-large\"><img src=\"https:\/\/festivalphotomaiche.fr\/wp-content\/uploads\/2023\/10\/DSC_4951-Avec-accentuation-Bruit-1024x683.jpg\" alt=\"\" class=\"wp-image-73\"\/><\/figure>\n<!-- \/wp:image -->\n\n<!-- wp:image {\"id\":74,\"sizeSlug\":\"large\",\"linkDestination\":\"none\"} -->\n<figure class=\"wp-block-image size-large\"><img src=\"https:\/\/festivalphotomaiche.fr\/wp-content\/uploads\/2023\/10\/DSC_5634-1024x683.jpg\" alt=\"\" class=\"wp-image-74\"\/><\/figure>\n<!-- \/wp:image -->\n\n<!-- wp:image {\"id\":68,\"sizeSlug\":\"large\",\"linkDestination\":\"none\"} -->\n<figure class=\"wp-block-image size-large\"><img src=\"https:\/\/festivalphotomaiche.fr\/wp-content\/uploads\/2023\/10\/DSC_5108-Avec-accentuation-Bruit-1024x683.jpg\" alt=\"\" class=\"wp-image-68\"\/><\/figure>\n<!-- \/wp:image --><\/figure>\n<!-- \/wp:gallery -->\n\n<!-- wp:heading -->\n<h2 class=\"wp-block-heading\">Galerie photo \u00e9dition 2023<\/h2>\n<!-- \/wp:heading -->","_et_gb_content_width":"","footnotes":""},"class_list":["post-65","page","type-page","status-publish","hentry"],"yoast_head":"<!-- This site is optimized with the Yoast SEO plugin v22.4 - https:\/\/yoast.com\/wordpress\/plugins\/seo\/ -->\n<title>EDITION 2023 - FESTIVAL PHOTO<\/title>\n<meta name=\"robots\" content=\"index, follow, max-snippet:-1, max-image-preview:large, max-video-preview:-1\" \/>\n<link rel=\"canonical\" href=\"https:\/\/festivalphotomaiche.fr\/?page_id=65\" \/>\n<meta property=\"og:locale\" content=\"fr_FR\" \/>\n<meta property=\"og:type\" content=\"article\" \/>\n<meta property=\"og:title\" content=\"EDITION 2023 - FESTIVAL PHOTO\" \/>\n<meta property=\"og:description\" content=\"EDITION 2023L&#039;\u00e9dition inaugurale du Festival Photo de Ma\u00eeche 2023 a d\u00e9pass\u00e9 toutes nos attentes avec la participation active de plus\u00a0 4500 personnes. Cette mobilisation exceptionnelle t\u00e9moigne de l&#039;engouement suscit\u00e9 par cet \u00e9v\u00e9nement unique, r\u00e9unissant des amateurs de photographie, des familles, des curieux et des passionn\u00e9s de nature. Le festival a accueilli 28 photographes, de nombreuses [&hellip;]\" \/>\n<meta property=\"og:url\" content=\"https:\/\/festivalphotomaiche.fr\/?page_id=65\" \/>\n<meta property=\"og:site_name\" content=\"FESTIVAL PHOTO\" \/>\n<meta property=\"article:modified_time\" content=\"2023-11-19T15:38:00+00:00\" \/>\n<meta name=\"twitter:card\" content=\"summary_large_image\" \/>\n<meta name=\"twitter:label1\" content=\"Dur\u00e9e de lecture estim\u00e9e\" \/>\n\t<meta name=\"twitter:data1\" content=\"6 minutes\" \/>\n<script type=\"application\/ld+json\" class=\"yoast-schema-graph\">{\"@context\":\"https:\/\/schema.org\",\"@graph\":[{\"@type\":\"WebPage\",\"@id\":\"https:\/\/festivalphotomaiche.fr\/?page_id=65\",\"url\":\"https:\/\/festivalphotomaiche.fr\/?page_id=65\",\"name\":\"EDITION 2023 - FESTIVAL PHOTO\",\"isPartOf\":{\"@id\":\"https:\/\/festivalphotomaiche.fr\/#website\"},\"datePublished\":\"2023-10-18T11:35:50+00:00\",\"dateModified\":\"2023-11-19T15:38:00+00:00\",\"breadcrumb\":{\"@id\":\"https:\/\/festivalphotomaiche.fr\/?page_id=65#breadcrumb\"},\"inLanguage\":\"fr-FR\",\"potentialAction\":[{\"@type\":\"ReadAction\",\"target\":[\"https:\/\/festivalphotomaiche.fr\/?page_id=65\"]}]},{\"@type\":\"BreadcrumbList\",\"@id\":\"https:\/\/festivalphotomaiche.fr\/?page_id=65#breadcrumb\",\"itemListElement\":[{\"@type\":\"ListItem\",\"position\":1,\"name\":\"Accueil\",\"item\":\"https:\/\/festivalphotomaiche.fr\/\"},{\"@type\":\"ListItem\",\"position\":2,\"name\":\"EDITION 2023\"}]},{\"@type\":\"WebSite\",\"@id\":\"https:\/\/festivalphotomaiche.fr\/#website\",\"url\":\"https:\/\/festivalphotomaiche.fr\/\",\"name\":\"FESTIVAL PHOTO\",\"description\":\"De Ma\u00eeche avec la Nature\",\"publisher\":{\"@id\":\"https:\/\/festivalphotomaiche.fr\/#organization\"},\"potentialAction\":[{\"@type\":\"SearchAction\",\"target\":{\"@type\":\"EntryPoint\",\"urlTemplate\":\"https:\/\/festivalphotomaiche.fr\/?s={search_term_string}\"},\"query-input\":\"required name=search_term_string\"}],\"inLanguage\":\"fr-FR\"},{\"@type\":\"Organization\",\"@id\":\"https:\/\/festivalphotomaiche.fr\/#organization\",\"name\":\"FESTIVAL PHOTO\",\"url\":\"https:\/\/festivalphotomaiche.fr\/\",\"logo\":{\"@type\":\"ImageObject\",\"inLanguage\":\"fr-FR\",\"@id\":\"https:\/\/festivalphotomaiche.fr\/#\/schema\/logo\/image\/\",\"url\":\"https:\/\/festivalphotomaiche.fr\/wp-content\/uploads\/2023\/10\/cropped-logo-seul-1.png\",\"contentUrl\":\"https:\/\/festivalphotomaiche.fr\/wp-content\/uploads\/2023\/10\/cropped-logo-seul-1.png\",\"width\":3424,\"height\":1406,\"caption\":\"FESTIVAL PHOTO\"},\"image\":{\"@id\":\"https:\/\/festivalphotomaiche.fr\/#\/schema\/logo\/image\/\"}}]}<\/script>\n<!-- \/ Yoast SEO plugin. -->","yoast_head_json":{"title":"EDITION 2023 - FESTIVAL PHOTO","robots":{"index":"index","follow":"follow","max-snippet":"max-snippet:-1","max-image-preview":"max-image-preview:large","max-video-preview":"max-video-preview:-1"},"canonical":"https:\/\/festivalphotomaiche.fr\/?page_id=65","og_locale":"fr_FR","og_type":"article","og_title":"EDITION 2023 - FESTIVAL PHOTO","og_description":"EDITION 2023L'\u00e9dition inaugurale du Festival Photo de Ma\u00eeche 2023 a d\u00e9pass\u00e9 toutes nos attentes avec la participation active de plus\u00a0 4500 personnes. Cette mobilisation exceptionnelle t\u00e9moigne de l'engouement suscit\u00e9 par cet \u00e9v\u00e9nement unique, r\u00e9unissant des amateurs de photographie, des familles, des curieux et des passionn\u00e9s de nature. Le festival a accueilli 28 photographes, de nombreuses [&hellip;]","og_url":"https:\/\/festivalphotomaiche.fr\/?page_id=65","og_site_name":"FESTIVAL PHOTO","article_modified_time":"2023-11-19T15:38:00+00:00","twitter_card":"summary_large_image","twitter_misc":{"Dur\u00e9e de lecture estim\u00e9e":"6 minutes"},"schema":{"@context":"https:\/\/schema.org","@graph":[{"@type":"WebPage","@id":"https:\/\/festivalphotomaiche.fr\/?page_id=65","url":"https:\/\/festivalphotomaiche.fr\/?page_id=65","name":"EDITION 2023 - FESTIVAL PHOTO","isPartOf":{"@id":"https:\/\/festivalphotomaiche.fr\/#website"},"datePublished":"2023-10-18T11:35:50+00:00","dateModified":"2023-11-19T15:38:00+00:00","breadcrumb":{"@id":"https:\/\/festivalphotomaiche.fr\/?page_id=65#breadcrumb"},"inLanguage":"fr-FR","potentialAction":[{"@type":"ReadAction","target":["https:\/\/festivalphotomaiche.fr\/?page_id=65"]}]},{"@type":"BreadcrumbList","@id":"https:\/\/festivalphotomaiche.fr\/?page_id=65#breadcrumb","itemListElement":[{"@type":"ListItem","position":1,"name":"Accueil","item":"https:\/\/festivalphotomaiche.fr\/"},{"@type":"ListItem","position":2,"name":"EDITION 2023"}]},{"@type":"WebSite","@id":"https:\/\/festivalphotomaiche.fr\/#website","url":"https:\/\/festivalphotomaiche.fr\/","name":"FESTIVAL PHOTO","description":"De Ma\u00eeche avec la Nature","publisher":{"@id":"https:\/\/festivalphotomaiche.fr\/#organization"},"potentialAction":[{"@type":"SearchAction","target":{"@type":"EntryPoint","urlTemplate":"https:\/\/festivalphotomaiche.fr\/?s={search_term_string}"},"query-input":"required name=search_term_string"}],"inLanguage":"fr-FR"},{"@type":"Organization","@id":"https:\/\/festivalphotomaiche.fr\/#organization","name":"FESTIVAL PHOTO","url":"https:\/\/festivalphotomaiche.fr\/","logo":{"@type":"ImageObject","inLanguage":"fr-FR","@id":"https:\/\/festivalphotomaiche.fr\/#\/schema\/logo\/image\/","url":"https:\/\/festivalphotomaiche.fr\/wp-content\/uploads\/2023\/10\/cropped-logo-seul-1.png","contentUrl":"https:\/\/festivalphotomaiche.fr\/wp-content\/uploads\/2023\/10\/cropped-logo-seul-1.png","width":3424,"height":1406,"caption":"FESTIVAL PHOTO"},"image":{"@id":"https:\/\/festivalphotomaiche.fr\/#\/schema\/logo\/image\/"}}]}},"_links":{"self":[{"href":"https:\/\/festivalphotomaiche.fr\/index.php?rest_route=\/wp\/v2\/pages\/65","targetHints":{"allow":["GET"]}}],"collection":[{"href":"https:\/\/festivalphotomaiche.fr\/index.php?rest_route=\/wp\/v2\/pages"}],"about":[{"href":"https:\/\/festivalphotomaiche.fr\/index.php?rest_route=\/wp\/v2\/types\/page"}],"author":[{"embeddable":true,"href":"https:\/\/festivalphotomaiche.fr\/index.php?rest_route=\/wp\/v2\/users\/1"}],"replies":[{"embeddable":true,"href":"https:\/\/festivalphotomaiche.fr\/index.php?rest_route=%2Fwp%2Fv2%2Fcomments&post=65"}],"version-history":[{"count":19,"href":"https:\/\/festivalphotomaiche.fr\/index.php?rest_route=\/wp\/v2\/pages\/65\/revisions"}],"predecessor-version":[{"id":958,"href":"https:\/\/festivalphotomaiche.fr\/index.php?rest_route=\/wp\/v2\/pages\/65\/revisions\/958"}],"wp:attachment":[{"href":"https:\/\/festivalphotomaiche.fr\/index.php?rest_route=%2Fwp%2Fv2%2Fmedia&parent=65"}],"curies":[{"name":"wp","href":"https:\/\/api.w.org\/{rel}","templated":true}]}}